41 is divided by 16?
9
Calculate the remainder when 354 is divided by 71.
70
Calculate the remainder when 132 is divided by 77.
55
Calculate the remainder when 3187 is divided by 1060.
7
What is the remainder when 3639 is divided by 7?
6
Calculate the remainder when 2062 is divided by 188.
182
What is the remainder when 288 is divided by 74?
66
What is the remainder when 676 is divided by 171?
163
What is the remainder when 4749 is divided by 48?
45
Calculate the remainder when 53854 is divided by 66.
64
What is the remainder when 3010 is divided by 23?
20
Calculate the remainder when 10617 is divided by 3534.
15
Calculate the remainder when 5712 is divided by 43.
36
What is the remainder when 6479 is divided by 118?
107
Calculate the remainder when 134 is divided by 20.
14
Calculate the remainder when 189 is divided by 34.
19
Calculate the remainder when 5487 is divided by 16.
15
Calculate the remainder when 2905 is divided by 580.
5
What is the remainder when 331 is divided by 3?
1
Calculate the remainder when 479 is divided by 48.
47
What is the remainder when 4156 is divided by 80?
76
Calculate the remainder when 2683 is divided by 25.
8
Calculate the remainder when 2134 is divided by 51.
43
Calculate the remainder when 10335 is divided by 211.
207
Calculate the remainder when 180 is divided by 48.
36
Calculate the remainder when 2352 is divided by 69.
6
What is the remainder when 365 is divided by 89?
9
What is the remainder when 1399 is divided by 1389?
10
What is the remainder when 207 is divided by 15?
12
What is the remainder when 419 is divided by 171?
77
What is the remainder when 135 is divided by 35?
30
What is the remainder when 1038 is divided by 204?
18
Calculate the remainder when 197 is divided by 167.
30
What is the remainder when 236 is divided by 20?
16
Calculate the remainder when 170 is divided by 75.
20
Calculate the remainder when 196 is divided by 93.
10
Calculate the remainder when 286 is divided by 76.
58
Calculate the remainder when 283 is divided by 32.
27
What is the remainder when 229 is divided by 58?
55
What is the remainder when 2730 is divided by 91?
0
What is the remainder when 329 is divided by 69?
53
Calculate the remainder when 44 is divided by 29.
15
Calculate the remainder when 146 is divided by 35.
6
What is the remainder when 33 is divided by 9?
6
What is the remainder when 123 is divided by 64?
59
What is the remainder when 10079 is divided by 12?
11
What is the remainder when 291 is divided by 63?
39
What is the remainder when 463 is divided by 93?
91
What is the remainder when 928 is divided by 925?
3
What is the remainder when 1464 is divided by 147?
141
Calculate the remainder when 326 is divided by 68.
54
Calculate the remainder when 442 is divided by 74.
72
What is the remainder when 9 is divided by 3?
0
What is the remainder when 1322 is divided by 63?
62
Calculate the remainder when 627 is divided by 10.
7
What is the remainder when 595 is divided by 50?
45
What is the remainder when 834 is divided by 22?
20
What is the remainder when 35 is divided by 18?
17
What is the remainder when 372 is divided by 82?
44
Calculate the remainder when 192 is divided by 67.
58
Calculate the remainder when 137 is divided by 62.
13
What is the remainder when 254 is divided by 29?
22
What is the remainder when 1991 is divided by 253?
220
What is the remainder when 431 is divided by 30?
11
Calculate the remainder when 1363 is divided by 169.
11
Calculate the remainder when 31 is divided by 14.
3
What is the remainder when 649 is divided by 55?
44
Calculate the remainder when 2230 is divided by 93.
91
Calculate the remainder when 752 is divided by 29.
27
What is the remainder when 434 is divided by 73?
69
Calculate the remainder when 1638 is divided by 126.
0
What is the remainder when 15758 is divided by 74?
70
Calculate the remainder when 587 is divided by 59.
56
Calculate the remainder when 1440 is divided by 357.
12
What is the remainder when 39 is divided by 14?
11
What is the remainder when 307 is divided by 234?
73
Calculate the remainder when 71 is divided by 25.
21
What is the remainder when 776 is divided by 10?
6
Calculate the remainder when 1245 is divided by 65.
10
Calculate the remainder when 358 is divided by 26.
20
What is the remainder when 38 is divided by 3?
2
Calculate the remainder when 301 is divided by 80.
61
Calculate the remainder when 796 is divided by 42.
40
What is the remainder when 1450 is divided by 66?
64
Calculate the remainder when 54 is divided by 40.
14
What is the remainder when 1804 is divided by 143?
88
What is the remainder when 283 is divided by 95?
93
Calculate the remainder when 426 is divided by 20.
6
Calculate the remainder when 369 is divided by 131.
107
Calculate the remainder when 3996 is divided by 665.
6
What is the remainder when 187 is divided by 29?
13
Calculate the remainder when 240 is divided by 194.
46
Calculate the remainder when 78 is divided by 21.
15
What is the remainder when 2429 is divided by 64?
61
What is the remainder when 3920 is divided by 104?
72
Calculate the remainder when 88 is divided by 9.
7
What is the remainder when 5970 is divided by 36?
30
Calculate the remainder when 598 is divided by 75.
73
Calculate the remainder when 387 is divided by 387.
0
What is the remainder when 7836 is divided by 201?
198
What is the remainder when 46 is divided by 27?
19
Calculate the remainder when 6207 is divided by 15.
12
What is the remainder when 410 is divided by 23?
19
What is the remainder when 185 is divided by 26?
3
What is the remainder when 15811 is divided by 118?
117
Calculate the remainder when 129 is divided by 54.
21
What is the remainder when 767 is divided by 32?
31
Calculate the remainder when 1526 is divided by 32.
22
What is the remainder when 396 is divided by 209?
187
What is the remainder when 259 is divided by 129?
1
What is the remainder when 431 is divided by 62?
59
Calculate the remainder when 364 is divided by 16.
12
What is the remainder when 1795 is divided by 309?
250
Calculate the remainder when 10 is divided by 4.
2
What is the remainder when 285 is divided by 136?
13
Calculate the remainder when 361 is divided by 97.
70
Calculate the remainder when 74 is divided by 17.
6
What is the remainder when 9158 is divided by 71?
70
Calculate the remainder when 3833 is divided by 14.
11
What is the remainder when 1260 is divided by 315?
0
Calculate the remainder when 2305 is divided by 44.
17
What is the remainder when 1030 is divided by 3?
1
What is the remainder when 2785 is divided by 22?
13
Calculate the remainder when 124 is divided by 14.
12
What is the remainder when 218 is divided by 21?
8
What is the remainder when 341 is divided by 43?
40
Calculate the remainder when 469 is divided by 11.
7
What is the remainder when 187 is divided by 50?
37
Calculate the remainder when 312 is divided by 33.
15
Calculate the remainder when 253 is divided by 55.
33
What is the remainder when 132 is divided by 34?
30
Calculate the remainder when 30788 is divided by 99.
98
Calculate the remainder when 305 is divided by 54.
35
What is the remainder when 336 is divided by 55?
6
What is the remainder when 197 is divided by 34?
27
What is the remainder when 80 is divided by 24?
8
What is the remainder when 496 is divided by 84?
76
What is the remainder when 100 is divided by 5?
0
What is the remainder when 242 is divided by 19?
14
What is the remainder when 96 is divided by 27?
15
What is the remainder when 118 is divided by 49?
20
Calculate the remainder when 2862 is divided by 87.
78
Calculate the remainder when 1053 is divided by 32.
29
Calculate the remainder when 576 is divided by 113.
11
What is the remainder when 131 is divided by 44?
43
Calculate the remainder when 98 is divided by 46.
6
What is the remainder when 248 is divided by 10?
8
Calculate the remainder when 172 is divided by 87.
85
What is the remainder when 874 is divided by 12?
10
What is the remainder when 2476 is divided by 155?
151
Calculate the remainder when 224 is divided by 112.
0
What is the remainder when 333 is divided by 35?
18
Calculate the remainder when 677 is divided by 42.
5
Calculate the remainder when 113 is divided by 13.
9
What is the remainder when 